{"id":1042,"date":"2014-12-21T15:10:15","date_gmt":"2014-12-21T13:10:15","guid":{"rendered":"https:\/\/www.schornsteinmarkt.de\/rauchzeichen\/?page_id=1042"},"modified":"2014-12-21T15:34:28","modified_gmt":"2014-12-21T13:34:28","slug":"unser-anspruch","status":"publish","type":"page","link":"https:\/\/www.cafiro.de\/rauchzeichen\/unser-anspruch\/","title":{"rendered":"Unser Anspruch"},"content":{"rendered":"<h2>\u00dcber das Rauchzeichen Magazin<\/h2>\n<p>Die Entstehung von allem hat Ursachen, Gr\u00fcnde und verl\u00e4uft selten geradlinig.<br \/>\nAuch wenn Rauchzeichen kein reiner Zufall ist, ist unser Magazin auch nicht aus einer strategischen \u00dcberlegung entstanden.<\/p>\n<p>&nbsp;<\/p>\n<p>Hintergrund war und ist Schornsteinmarkt\u00ae. Als wir Rauchzeichen Anfang 2013 aus der Taufe gehoben haben, ging es uns vorrangig darum \u00fcber die Produkte die wir \u00fcber unseren Webshop vertreiben zu berichten. Es war vor allem Werbeplattform und weniger ein Fach-Blog.<\/p>\n<p>&nbsp;<\/p>\n<p>Relativ schnell haben wir gemerkt, dass uns das Schreiben Spa\u00df macht und es irgendwie langweilig ist nur \u00fcber unsere eigenen Produkte zu berichten. Wir wollten in unserer kleinen Branche vor allem Wissen an Endkunden vermitteln und nicht nur zum reinen Selbstzweck ver\u00f6ffentlichen.<\/p>\n<h2>Unser Anspruch<\/h2>\n<p>Wichtig ist uns, dass wir praxisnah und ohne rei\u00dferisch zu sein \u00fcber Fakten zu Kamin- und Ofentechnik, Schornsteinbau, Entwicklungen der Branche, Produktneuerungen berichten und Anleitungen zum Selber Machen geben.<\/p>\n<p>&nbsp;<\/p>\n<p>Dabei sind wir offen, kritisch und gelegentlich sehr direkt. Wir verstecken uns nicht und nehmen auch keine R\u00fccksicht auf unsere eigenen Produkte.<\/p>\n<p>&nbsp;<\/p>\n<p>Auf Rauchzeichen schreiben \u201edie Chefs\u201c noch selber. Die Br\u00fcder Ronny und Robby Stude sind jeden Tag mitten im Geschehen und erleben die praktische Anwendung vieler Anforderungen und Normen mit dem Kunden.<\/p>\n<p>&nbsp;<\/p>\n<p>Die Passion zu unseren Aufgaben treibt uns an. Wir setzen vor allem auf Nachhaltigkeit, Transparenz und Qualit\u00e4t.<\/p>\n<h3>Ihr Beitrag<\/h3>\n<p>Wir w\u00fcrden uns freuen, wenn Sie sich von unseren Artikeln angesprochen f\u00fchlen.<\/p>\n<p>Noch mehr freuen w\u00fcrden wir uns, wenn Sie das auch anderen mitteilen und unsere Beitr\u00e4ge kommentieren, teilen und verlinken.<\/p>\n<p>&nbsp;<\/p>\n<p>Vielen Dank<br \/>\nIhre Rauchzeichen Redaktion<\/p>\n","protected":false},"excerpt":{"rendered":"<p>\u00dcber das Rauchzeichen Magazin Die Entstehung von allem hat Ursachen, Gr\u00fcnde und verl\u00e4uft selten geradlinig. Auch wenn Rauchzeichen kein reiner Zufall ist, ist unser Magazin auch nicht aus einer strategischen \u00dcberlegung entstanden. &nbsp; Hintergrund war und ist Schornsteinmarkt\u00ae. Als wir Rauchzeichen Anfang 2013 aus der Taufe gehoben haben, ging es uns vorrangig darum \u00fcber die [&hellip;]<\/p>\n","protected":false},"author":3,"featured_media":0,"parent":0,"menu_order":0,"comment_status":"open","ping_status":"open","template":"","meta":{"footnotes":""},"_links":{"self":[{"href":"https:\/\/www.cafiro.de\/rauchzeichen\/wp-json\/wp\/v2\/pages\/1042"}],"collection":[{"href":"https:\/\/www.cafiro.de\/rauchzeichen\/wp-json\/wp\/v2\/pages"}],"about":[{"href":"https:\/\/www.cafiro.de\/rauchzeichen\/wp-json\/wp\/v2\/types\/page"}],"author":[{"embeddable":true,"href":"https:\/\/www.cafiro.de\/rauchzeichen\/wp-json\/wp\/v2\/users\/3"}],"replies":[{"embeddable":true,"href":"https:\/\/www.cafiro.de\/rauchzeichen\/wp-json\/wp\/v2\/comments?post=1042"}],"version-history":[{"count":2,"href":"https:\/\/www.cafiro.de\/rauchzeichen\/wp-json\/wp\/v2\/pages\/1042\/revisions"}],"predecessor-version":[{"id":1044,"href":"https:\/\/www.cafiro.de\/rauchzeichen\/wp-json\/wp\/v2\/pages\/1042\/revisions\/1044"}],"wp:attachment":[{"href":"https:\/\/www.cafiro.de\/rauchzeichen\/wp-json\/wp\/v2\/media?parent=1042"}],"curies":[{"name":"wp","href":"https:\/\/api.w.org\/{rel}","templated":true}]}}